et x(w) be the second derivative of w**5/20 + w**4/4 - 7*w**3/2 + 11*w**2/2 + 2*w + 32. List the prime factors of x(8).
547
Let n = -27948 - -49776. List the prime factors of n.
2, 3, 17, 107
Let p(k) = k**2 + 19*k + 29. Let w be p(-20). List the prime factors of -2 + w/35 - 273/(-5).
2, 3
Let x(k) = 35*k**2 + 181*k + 1208. List the prime factors of x(-47).
2, 547
Let r(q) = 2*q**3 - 8*q**2 + 9*q - 5. Let l be (-10)/(-6)*(-6)/(-2). Let v be r(l). List the prime factors of (-63)/(-5) - (-36)/v.
13
Suppose d + 5*z = 1021, 6*d + 1015 = 7*d - z. Suppose -9*y + d = 53. List the prime factors of y.
107
Suppose 3*h - 47 = -8. Suppose 18*g - h*g = 1000. List the prime factors of g.
2, 5
Let q = -114 + 114. Suppose -2*b - 12*m + 25 = -15*m, q = 2*b + 2*m. Suppose 2*z + z + b*o - 461 = 0, -3*z - o = -469. List the prime factors of z.
157
Suppose -106417 - 120433 = -26*b. What are the prime factors of b?
5, 349
Let l = -9376 + 12514. List the prime factors of l.
2, 3, 523
Let o(z) = -z + 9. Let m be o(13). Let y(q) = -2 - 17*q - 6*q + 1. List the prime factors of y(m).
7, 13
Let v(j) = -j**3 + 2*j**2 + 7*j + 6. Let t be v(-2). List the prime factors of (-3198)/(-24) + (-2 - (-14)/t).
7, 19
Suppose 0 = -10*i + 47128 + 6506 + 65876. What are the prime factors of i?
17, 19, 37
Let p be -1 + ((-30)/(-18))/(1/3). Let x(o) be the first derivative of 7*o**2/2 - 14*o + 3. What are the prime factors of x(p)?
2, 7
Let b(l) = l**2 + 5*l - 37. Let r be b(-9). Let j = 417 + r. What are the prime factors of j?
2, 13
Let q(h) = 9*h**2 - 17*h - 29. Let o(m) = -2 - 3*m**2 + 7 - m**2 + 9*m + 9. Let g(y) = -5*o(y) - 2*q(y). List the prime factors of g(9).
3, 17
Let b(o) = -955*o**3 - 16*o**2 + 36*o + 117. List the prime factors of b(-3).
2, 3, 5, 19
Let w = 859 - -650. Suppose -t = -3*d - 1004, 2*t + 3*d = 490 + w. List the prime factors of t.
7, 11, 13
List the prime factors of (4215/(-9))/((-7)/(-12)*2/(-28)).
2, 5, 281
Let h(d) = -d**3 - 17*d**2 + 20*d + 125. What are the prime factors of h(-23)?
17, 167
Let y be (16 - 20)*62/(-8). Suppose 11343 = -12*l + y*l. What are the prime factors of l?
3, 199
Let j be (-1 + 3)*-1 - -819. Let y = -51 + j. Suppose y = 12*i - 374. List the prime factors of i.
5, 19
Let j = -9986 - -19351. List the prime factors of j.
5, 1873
Suppose 5*o + 495 = 6*o + 5*t, 0 = 3*o + 4*t - 1463. List the prime factors of (-6 + o/(-10))*(2 - 4).
109
Let u = -9124 - -15995. What are the prime factors of u?
6871
Suppose -3*p - 2*p - 6705 = -5*f, 5 = -5*p. Suppose 2*b = -5 + 13, 5*h - f = -5*b. List the prime factors of h.
2, 3, 11
List the prime factors of 27/6*(-279664)/(-252).
2, 11, 227
Suppose 2*r + 2*a - 92 = 0, 4*r + 3*a = -r + 234. Suppose -h + 8 = n - 15, 3*h - n = 49. Let w = h + r. What are the prime factors of w?
2, 3, 11
Let u = 49 + -35. Let q = u - 20. Let c = q - -14. What are the prime factors of c?
2
Let m(r) = -6*r + 87. Let h(p) = -2*p + 29. Let x(y) = 8*h(y) - 3*m(y). Let l be x(12). What are the prime factors of (-2)/((40/372)/l)?
3, 31
Suppose -4*g + 3*u + 133 = 4*u, -3*g - 4*u + 116 = 0. Let x be (-81)/4*g/(-6) + -1. Suppose k = -40 + x. What are the prime factors of k?
67
Suppose -126*b + 711378 = 135625 - 2364583. What are the prime factors of b?
2, 2917
Let r(s) be the second derivative of -s**5/30 + s**4/24 + 30*s**3 + 2*s**2 - 11*s. Let m(z) be the first derivative of r(z). List the prime factors of m(0).
2, 3, 5
List the prime factors of (-5 - 0) + 24 + 1766 + -6.
3, 593
Let v(z) = 6494*z + 122. What are the prime factors of v(2)?
2, 3, 5, 19, 23
Let n(c) = 12*c**2 + 58*c - 10. List the prime factors of n(15).
2, 5, 89
Let q = 175 - 162. List the prime factors of (q/13)/((-1)/(-445)).
5, 89
Let y(s) = -s**3 + 12*s**2 + 10*s - 4. Let g be y(13). Let p = 52 + g. Suppose -6*r + 399 = -p. What are the prime factors of r?
2, 17
Suppose 98*r - 126290 - 158596 = 0. What are the prime factors of r?
3, 17, 19
Let d(m) = -129*m**2 + 23 - 92 - 9*m + 130*m**2. List the prime factors of d(22).
7, 31
Suppose -6*o + 3*h = -3*o - 228, 0 = -2*h + 8. Let d = 62 - o. Let s = 34 - d. List the prime factors of s.
2, 13
Let n(d) be the third derivative of 0 + 0*d - d**4 - 7/6*d**3 - 1/60*d**5 - 2*d**2. List the prime factors of n(-21).
2, 7
Let v(l) = -21*l**3 - 2*l**2 + 6. What are the prime factors of v(-5)?
29, 89
Let g(b) = 6*b**2 + 5*b + 2. Let i be g(4). Suppose -j = 4*x - 29 + 353, 5*x + 404 = -j. Let y = x + i. List the prime factors of y.
2, 19
Let l(c) = c**3 + 13*c**2 + 11*c - 10. Let v be l(-12). Suppose 2*p = -v*p + 16, -4*k + 628 = 5*p. Suppose -k + 717 = 5*w. List the prime factors of w.
113
Let c = 2513 + 1437. List the prime factors of c.
2, 5, 79
Let t(w) be the third derivative of w**5/120 + 7*w**4/8 + w**3/2 + 16*w**2. Let s(v) be the first derivative of t(v). List the prime factors of s(5).
2, 13
List the prime factors of (-367932)/(-144) + 4/(-48).
5, 7, 73
Let v = 41365 + -18741. List the prime factors of v.
2, 7, 101
Let j(r) = 2*r**3 - 11*r**2 + 79*r + 1. List the prime factors of j(16).
29, 229
Suppose -18 = 20*p - 26*p. Suppose -3*x = 9, p*x = -i + 18 + 5. What are the prime factors of i?
2
Let f = -4620 - -9639. List the prime factors of f.
3, 7, 239
Let b = -28871 + 53157. What are the prime factors of b?
2, 12143
Let h be 4/18 + (-27842)/(-18). Suppose 3439 = 5*j - 3*s - h, -4*s = 8. Suppose 3*m + 3*m - j = 0. What are the prime factors of m?
2, 83
What are the prime factors of (22015 - 1) + 280/(31 - 59)?
2, 5501
Suppose -f - 368937 = -4*r, 6*r - 11*r + 3*f = -461173. What are the prime factors of r/(-107)*(-2)/(0 + 2)?
2, 431
Let s be (-649020)/70 + 6/(-21). List the prime factors of (-4)/30 + -4 + s/(-15).
2, 307
Suppose 485*r - 11103967 = 9986258. List the prime factors of r.
3, 5, 13, 223
Suppose -3*l + 35177 = -4*k, 3*k = -2*l + 7*l - 58632. List the prime factors of l.
3, 1303
Let y(j) = 7779*j**2 + 292*j + 885. List the prime factors of y(-3).
2, 3, 5, 389
Let d(y) = -193*y - 22. Let k be d(2). Let h = -181 - k. List the prime factors of h.
227
Suppose 0 = 22*b - 21*b - 6. Suppose 15 = -b*y + 81. Suppose -7*x + y*x - 228 = 0. What are the prime factors of x?
3, 19
Let m(y) = -y + 7. Let c be m(-15). Let h = c + -19. Suppose -h*p - 2*r + 80 = 0, r - 102 = -4*p + 3*r. List the prime factors of p.
2, 13
Let v = 3152 - 47. Let j = v + -1710. List the prime factors of j.
3, 5, 31
Let s(o) = -51*o**3 + 33*o**2 + 385. List the prime factors of s(-11).
11, 6569
Let y(n) = 84*n**2 - 26*n - 116. Let o be y(-5). Suppose -22*v + o = -20*v. What are the prime factors of v?
7, 151
Let d(n) = -232*n + 119. Let b be d(-6). Suppose -2*v + 1548 = -3*t + 549, -b = -3*v + 2*t. What are the prime factors of v?
3, 13
What are the prime factors of -41094*(14 + 340/(-24))?
3, 761
Suppose 0 = -129*l + 15317 + 164380. What are the prime factors of l?
7, 199
Suppose -5*j - 3*a = -57726, -3*a - 14750 = -j - 3212. What are the prime factors of j?
2, 3, 13, 37
Suppose -5*q + 4 - 19 = -4*h, -25 = -4*h - 5*q. Suppose 2*w + 3*c = -w - 96, 4*w - h*c = -110. Let r = 36 + w. What are the prime factors of r?
2, 3
Suppose -z + 4 = h - 0*z, h + 5*z + 16 = 0. Let m be h/6 + 3 - (-3)/6. Suppose 3*b - m = 4, -5*s + 4*b + 683 = 0. What are the prime factors of s?
139
Let o(y) = 9*y**2 + 4. Let x be o(-2). Suppose -l - v + x = 3*v, 2*v + 50 = 3*l. Let c = l + 63. List the prime factors of c.
83
Suppose 17409 = 5*o + 2*u, 12*u = -3*o + 8*u + 10451. Suppose 5*r + 2*f - o = 0, -5*f = -r + 4*r - 2100. List the prime factors of r.
5, 139
Let r be (2*2)/((-8)/(-580)). List the prime factors of r/(-12)*60/(-10).
5, 29
Let s(a) = 128*a + 9. Suppose -5*g = -3 - 7. Let h be s(g). Suppose h = -4*y + 713. List the prime factors of y.
2, 7
Let n(m) = -m**3 - 15*m**2 + 14*m - 29. Let h be n(-16). Suppose -h*t - 7 = 4*f + 15, 5*f = 3*t - 14. List the prime factors of 198/(-55)*55/t.
3, 11
List the prime factors of (4/(-6))/((-79)/1013649).
2, 7, 13, 47
Let k = 19892 - 3327. What are the prime factors of k?
5, 3313
Suppose -42*k + 6 = -40*k. Suppose -5*d - 16 = -4*l, -k*d - 8 = -3*l + 4. Suppose -168 = -c - 3*j, -4*c + 4*j - 9*j + 686 = d. List the prime factors of c.
2, 3, 29
Let g = 171 - 167. Suppose 3*z - 6 = 0, -g*z + 1289 = 3*u - 0*z. List the prime factors 